(-6).
-35
Let z(y) = y**3 + 43*y**2 - 405*y - 17421. Give z(-43).
-6
Let i(x) = -x**3 + 23*x**2 - 53*x - 141. Give i(20).
-1
Let i(p) = -p**3 - 18*p**2 - 4*p + 146. Determine i(-18).
218
Let w(h) = -h**2 + 8*h - 13. Determine w(11).
-46
Let y(b) = 2*b**2 + 24*b + 174. Give y(-9).
120
Let k(h) = -18*h**2 - 860*h + 155. Calculate k(-48).
-37
Let v(d) = 269*d - 12. Determine v(-1).
-281
Let h(v) = -2*v**2 - 187*v - 1853. What is h(-11)?
-38
Let g(i) = -i**3 - 37*i**2 - 94*i + 254. Determine g(-34).
-18
Let j(h) = h**3 + 28*h**2 - 206*h - 13. Determine j(-34).
55
Let w(c) = 5*c**2 - 377*c + 1222. Determine w(72).
-2
Let z(u) = -u**3 + 2*u**2 - 11*u + 9. Determine z(4).
-67
Let t(i) = 2*i**3 + 115*i**2 + 169*i + 49. What is t(-56)?
-7
Let r(d) = 3*d**2 - 87*d - 40. Calculate r(30).
50
Let q(t) = -4*t**3 - 5*t**2 + 673*t - 669. What is q(1)?
-5
Let m(z) = z**3 - 57*z**2 - 115*z + 123. Determine m(59).
300
Let x(h) = -15*h**2 - 26*h - 10. Determine x(-2).
-18
Let p(r) = 282*r + 289. Give p(-1).
7
Let o(p) = -p**3 - 3*p**2 + 16*p - 184. Determine o(0).
-184
Let i(u) = -u**2 + 45*u + 738. Give i(-14).
-88
Let j(w) = 2*w**2 + 6*w - 11. What is j(4)?
45
Let f(p) = p**2 - 19*p + 154. What is f(0)?
154
Let g(t) = 2*t**3 + t**2 + 8*t + 65. Determine g(-4).
-79
Let v(y) = 2*y**3 + 13*y**2 - 1647*y - 11484. Determine v(-7).
-4
Let w(n) = -3*n**2 + 181*n + 913. What is w(65)?
3
Let o(r) = -2*r + 14. Calculate o(16).
-18
Let m(u) = -u**3 - 33*u**2 + 56. What is m(-33)?
56
Let z(s) = s**3 - 31*s**2 + 5*s - 149. Calculate z(31).
6
Let q(g) = 6*g**2 + 6. Calculate q(-3).
60
Let s(l) = 2*l**2 + 90*l + 407. What is s(-5)?
7
Let l(x) = -2*x**2 - 28*x - 12. Give l(-13).
14
Let c(q) = 333*q**2 + 1254*q - 307. Determine c(-4).
5
Let u(a) = -10*a**2 - 17*a - 21. Calculate u(-2).
-27
Let j(v) = -2*v**2 + 55*v + 20. Calculate j(31).
-197
Let k(x) = -4*x**2 + 5*x + 1037. Calculate k(0).
1037
Let c(q) = 24*q - 1633. Calculate c(50).
-433
Let m(h) = 303*h + 41514. Give m(-137).
3
Let v(j) = -27*j - 581. Give v(-26).
121
Let v(r) = -r**2 - 18*r + 19. Determine v(-5).
84
Let w(z) = -410*z - 2049. Give w(-5).
1
Let k(i) = -i**2 - 437*i - 13696. Give k(-403).
6
Let y(p) = -2*p**3 - 25*p**2 + 2*p + 15. What is y(-12)?
-153
Let t(r) = -77*r + 1864. Give t(23).
93
Let d(h) = -5*h**2 + 215*h - 210. Give d(42).
0
Let k(x) = x**3 - 34*x**2 + 71*x + 682. Give k(31).
0
Let n(y) = -2*y**3 + 79*y**2 + 38*y + 78. Calculate n(40).
-2
Let l(i) = 30*i - 363. Calculate l(16).
117
Let r(k) = k**2 - 49*k + 332. Determine r(40).
-28
Let j(n) = -3*n**3 - 3*n**2 + 35*n - 52. Determine j(3).
-55
Let n(a) = 4*a**2 - 636*a - 637. Determine n(160).
3
Let k(m) = -6*m**3 + 8*m**2 - 8. Calculate k(2).
-24
Let t(o) = -o**3 + 38*o**2 + 188*o - 2664. What is t(41)?
1
Let k(d) = -7*d**3 - 9*d**2 - 15*d - 12. Give k(-4).
352
Let j(l) = l**3 - 53*l**2 - 707*l + 182. Determine j(64).
-10
Let y(i) = -i**3 - 9*i**2 - 8*i - 60. Give y(-8).
-60
Let q(d) = d**2 - 22*d - 325. Determine q(-10).
-5
Let r(w) = 10*w**2 - 14*w + 9. Calculate r(3).
57
Let i(j) = -320*j**2 + 3*j. Determine i(1).
-317
Let h(l) = l**2 - 7*l + 16. Calculate h(-12).
244
Let m(h) = 2*h + 36. Calculate m(-37).
-38
Let b(r) = -420*r - 420. Calculate b(-1).
0
Let g(z) = 2*z**2 + 83*z - 134. Calculate g(-43).
-5
Let s(j) = j**3 - 29*j**2 - 73*j + 4. What is s(0)?
4
Let v(w) = w**3 - 33*w**2 + 58*w + 121. Calculate v(31).
-3
Let i(j) = -9*j**2 - 315*j + 681. Give i(-37).
15
Let i(v) = -2*v**3 - 152*v**2 - 2*v - 140. Calculate i(-76).
12
Let n(h) = -h**2 - 54*h + 233. Determine n(5).
-62
Let g(o) = 3*o**3 - 12*o**2 - 57*o + 5. Give g(0).
5
Let i(s) = -481*s - 3910. Calculate i(-8).
-62
Let n(r) = 4478*r - 4440. What is n(1)?
38
Let q(u) = u**2 + 56*u - 70. Give q(-54).
-178
Let l(m) = 5*m**2 + 7*m + 7. Calculate l(2).
41
Let g(u) = 5*u**3 + 31*u**2 - 24*u - 28. Determine g(-7).
-56
Let q(p) = -5*p**2 - 9*p - 15. Give q(-5).
-95
Let u(l) = 233*l + 3624. What is u(-17)?
-337
Let w(j) = j**2 + 84*j - 1378. Determine w(14).
-6
Let z(a) = -232*a - 934. Give z(-4).
-6
Let z(o) = -5*o**2 - 127*o + 871. Calculate z(-31).
3
Let r(b) = b**3 + 74*b**2 - 562*b + 400. What is r(-81)?
-5
Let t(p) = 50*p - 97. What is t(-7)?
-447
Let m(z) = 10*z**3 - 22*z**2 - 6*z + 15. What is m(2)?
-5
Let d(n) = -4*n**2 - 36*n + 52. Calculate d(-10).
12
Let q(c) = 3697*c + 14795. Determine q(-4).
7
Let x(r) = -r**3 + 15*r**2 - 25*r + 99. What is x(9)?
360
Let c(b) = 10*b**2 + 23*b + 49. Determine c(0).
49
Let v(x) = -x**2 - 102*x + 3470. Determine v(-129).
-13
Let k(o) = o**3 + 3*o - 3. Determine k(-2).
-17
Let i(x) = -97*x - 7280. Give i(-75).
-5
Let h(v) = -3546*v + 17655. What is h(5)?
-75
Let z(u) = -u**2 + 344*u + 394. Determine z(0).
394
Let o(k) = -10*k**3 + 6*k**2 - 7*k - 1. Determine o(2).
-71
Let y(o) = 6*o - 101. Give y(-29).
-275
Let d(g) = g**3 - g**2 - 14*g - 28. Give d(-2).
-12
Let m(d) = -23*d - 35. Determine m(17).
-426
Let u(q) = 1636*q**2 - 1658*q. Determine u(1).
-22
Let r(s) = s**3 - 25*s**2 + 110*s - 14. Give r(21).
532
Let f(o) = -3*o**3 + 20*o**2 + 22*o - 182. What is f(6)?
22
Let h(x) = 2*x**2 + 101*x + 60. Give h(-50).
10
Let h(o) = 28*o - 1823. Determine h(65).
-3
Let h(u) = 541*u + 2209. Determine h(-4).
45
Let h(j) = -4*j**2 - 9*j - 8. Determine h(-6).
-98
Let t(q) = q**3 - 29*q**2 - 64*q + 30. Determine t(31).
-32
Let k(z) = -2*z**3 - 21*z**2 + 2*z - 76. Calculate k(-11).
23
Let w(j) = -35*j + 34. Give w(0).
34
Let h(k) = k + 32. Give h(-2).
30
Let l(n) = 31*n + 90. Calculate l(-4).
-34
Let x(o) = -170*o + 679. Give x(4).
-1
Let o(s) = 2702*s + 7983. Calculate o(-3).
-123
Let i(f) = 4*f**2 - 30*f - 105. Calculate i(10).
-5
Let l(q) = 54*q**2 + 3*q + 2. Calculate l(2).
224
Let q(x) = -150*x + 4075. What is q(27)?
25
Let f(a) = -25*a + 459. What is f(20)?
-41
Let k(r) = r**3 + 13*r**2 - 44*r - 23. What is k(-15)?
187
Let c(g) = -458*g - 2320. Give c(-5).
-30
Let m(y) = 2*y**3 - 72*y**2 - 155*y + 53. Give m(38).
-61
Let i(h) = 176*h - 1077. What is i(6)?
-21
Let v(s) = -14*s + 109. What is v(8)?
-3
Let r(a) = -3*a**3 + 5*a**2 + 29*a - 111. What is r(6)?
-405
Let f(z) = z**3 + 24*z**2 - 381*z + 120. Give f(-35).
-20
Let d(z) = 95*z - 3036. What is d(32)?
4
Let s(a) = a**3 + 19*a**2 + 13*a - 95. Determine s(-18).
-5
Let g(s) = -16*s**3 - 191*s**2 + 20*s + 102. Give g(-12).
6
Let l(d) = -9*d**3 + 5*d**2 - 8. Determine l(2).
-60
Let p(r) = -2*r**3 + 47*r**2 + 48*r + 670. Calculate p(25).
-5
Let r(b) = b**2 - 112*b - 4967. Determine r(-34).
-3
Let t(m) = 12*m**2 + 2195*m - 189. Determine t(-183).
-6
Let g(i) = 106*i + 49. Give g(2).
261
Let y(j) = -j**3 - 39*j**2 - 32*j + 102. Give y(-38).
-126
Let f(y) = -238*y + 36417. Give f(153).
3
Let z(g) = 4*g**2 + 61*g + 7. Calculate z(-15).
-8
Let f(x) = x**2 + 97*x - 1693. Determine f(22).
925
Let h(r) = 7*r**2 + 12*r - 23. What is h(8)?
521
Let g(j) = -29*j**2 + 54*j - 221. What is g(5)?
-676
Let a(k) = 47*k - 3037. Give a(67).
112
Let w(c) = -1610*c - 8053. Give w(-5).
-3
Let w(u) = 12*u + 19. Calculate w(-5).
-41
Let o(s) = -6*s - 32. What is o(-8)?
16
Let p(m) = 5*m**2 - 103*m - 1109. Determine p(-11).
629
Let i(s) = 23227*s + 139366. Calculate i(-6).
4
Let g(f) = -21*f - 287. Calculate g(-23).
196
Let w(r) = -179*r + 4324. What is w(24)?
28
Let g(z) = -z**3 + 34*z**2 - 68*z + 11. Calculate g(32).
-117
Let p(b) = b**2 + 37*b + 150. Calculate p(-34).
48
Let z(d) = 2610*d + 10400. Calculate z(-4).
-40
Let i(r) = 108*r + 795. What is i(-7)?
39
Let n(f) = -f**3 - 536*f**2 - 1601*f + 2. Give n(-3).
8
Let p(w) = 8*w**3 - 647*w**2 - 85*w + 335. Calculate p(81).
11
Let h(s) = 132*s - 425. Calculate h(4).
103
Let w(u) = -16*u + 153. Give w(11).
-23
Let u(h) = 3748*h + 13. Calculate u(0).
13
Let u(k) = 10*k**2 - 464*k - 277. Give u(47).
5
Let r(g) = -25*g - 512. What is r(-22)?
38
Let w(h) = 6*h**3 - 37*h**2 - 205*h + 464. Determine w(9).
-4
Let o(a) = -a**3 - 13*a**2 + 107*a + 1369. Calculate o(-10).
-1
Let c(n) = -n**2 - 147*n - 4206. What is c(-39)?
6
Let t(p) = -177*p**2 - 2*p + 6. What is t(0)?
6
Let l(a) = a**3 + 24*a**2 + 144*a + 11. What is l(-15)?
-124
Let d(l) = -3716*l + 3693. Give d(1).
-23
Let w(p) = -19*p + 369. Give w(19).
8
Let s(f) = 5*f**3 - 575*f**2 - 579*f - 113. Calculate s(116).
3
Let v(h) = -16*h